{"id":8,"date":"2022-12-07T21:58:42","date_gmt":"2022-12-07T20:58:42","guid":{"rendered":"http:\/\/www.altira.nu\/?page_id=8"},"modified":"2026-03-25T06:04:42","modified_gmt":"2026-03-25T05:04:42","slug":"kurser","status":"publish","type":"page","link":"https:\/\/altira.nu\/?page_id=8","title":{"rendered":"Kursanm\u00e4lan"},"content":{"rendered":"\n<p><strong>Innan du anm\u00e4ler dig&nbsp;ber vi dig l\u00e4sa igenom informationen nedan om anm\u00e4lnings- och betalningsrutiner.<\/strong><\/p>\n\n\n\n<p>Altira har normalt tv\u00e5 kursomg\u00e5ngar per termin. H\u00f6stterminens kurser startar i slutet av augusti och v\u00e5rterminen i mitten av januari.<\/p>\n\n\n\n<p>Utbudet av kurser varierar men normalt har vi alltid bugg steg 1 till 3 med 8 kurstillf\u00e4llen. Vill du tr\u00e4na bugg mer sj\u00e4lvst\u00e4ndigt finns olika partr\u00e4ningsalternativ att v\u00e4lja mellan.<\/p>\n\n\n\n<p>Nyb\u00f6rjarkurser i Lindy Hop har vi vanligen en helg i mitten av h\u00f6st\/v\u00e5rtermin. F\u00f6r dig som redan g\u00e5tt ett par kurser i Lindy Hop finns alternativet &#8221;Torsdagstr\u00e4ning&#8221; som p\u00e5g\u00e5r under hela terminerna. <\/p>\n\n\n\n<p>I Modern Fox har vi under \u00e5ret kurser p\u00e5 olika niv\u00e5er, fr\u00e5n nyb\u00f6rjare till avancerad.<\/p>\n\n\n\n<p>Obs! Om du har blivit antagen till en kurs s\u00e5 kan du g\u00e5 en l\u00e4gre niv\u00e5 av samma typ f\u00f6r endast 100kr under samma kursomg\u00e5ng.&nbsp; Skriv att du redan \u00e4r antagen till en h\u00f6gre niv\u00e5 i kommentarsf\u00e4ltet p\u00e5 din anm\u00e4lan f\u00f6r den l\u00e4gre niv\u00e5n.&nbsp;(G\u00e4ller endast en rabatterad kurs av l\u00e4gre niv\u00e5 per omg\u00e5ng)<br>Erbjudandet g\u00e4ller endast n\u00e4r kurserna g\u00e5r parallellt med varandra under samma kursomg\u00e5ng.<\/p>\n\n\n\n<p><strong>Tr\u00e4ningsavgift<\/strong><br>F\u00f6r dig som vill tr\u00e4na p\u00e5 egen hand utan ledare finns det m\u00f6jlighet att anm\u00e4la sig till &#8221;Tr\u00e4ningsavgift&#8230;&#8221;. Den g\u00e4ller f\u00f6r tr\u00e4ning p\u00e5 schemalagd tid (aktiviteter med &#8221;Tr\u00e4ningstid&#8221; i titeln) samt f\u00f6r tr\u00e4ning utanf\u00f6r schemalagd tid. Ta f\u00f6r vana att kontrollera kalendern som finns l\u00e4nkad p\u00e5 denna hemsida innan du kommer p\u00e5 icke schemalagd tid. Annars riskerar du att din t\u00e4nkta tr\u00e4ning krockar med andra aktiviteter. Vi uppskattar att du \u00e4ven g\u00f6r en anm\u00e4lan till de tr\u00e4ningstider du utnyttjar eftersom den statistiken ligger till grund f\u00f6r planering av kommande termin.<\/p>\n\n\n\n<p><strong>Bli medlem<\/strong><\/p>\n\n\n\n<p>Vill du bli&nbsp;medlem&nbsp;i Altira kan du bli det genom att klicka p\u00e5 f\u00f6ljande l\u00e4nk&nbsp;<a href=\"https:\/\/dans.se\/shop\/?org=altira;new;mship\" target=\"_blank\" rel=\"noreferrer noopener\">Bli medlem i Altira<\/a>&nbsp;och f\u00f6lja instruktionerna.&nbsp;<\/p>\n\n\n\n<p><strong>Medlemsavgiften <\/strong>avser ett kalender\u00e5rs medlemskap och avgiften \u00e4r: <\/p>\n\n\n\n<ul class=\"wp-block-list\">\n<li>200 kr per person<\/li>\n\n\n\n<li>500 kr f\u00f6r en familj<\/li>\n<\/ul>\n\n\n\n<p><strong>Socialdans: <\/strong>som medlem g\u00e5r du gratis p\u00e5 v\u00e5ra socialdanser p\u00e5 tisdagar. Tisdagens socialdans kostar 50 kr per tillf\u00e4lle f\u00f6r icke-medlemmar.&nbsp;<\/p>\n\n\n\n<p><strong>V\u00e4lkommen till Altira!<\/strong><\/p>\n\n\n\n<div>\n    <a class=\"cwLoadContent\" href=\"https:\/\/dans.se\/altira\/shop\/?lang=sv&amp;layout=none&amp;sorting=catId+desc\">Boka aktiviteter och artiklar<\/a>\n    <script src=\"https:\/\/dans.se\/files\/1087\/js\/lib.js\"><\/script>\n<\/div>\n","protected":false},"excerpt":{"rendered":"<p>Innan du anm\u00e4ler dig&nbsp;ber vi dig l\u00e4sa igenom informationen nedan om anm\u00e4lnings- och betalningsrutiner. Altira har normalt tv\u00e5 kursomg\u00e5ngar per termin. H\u00f6stterminens kurser startar i slutet av augusti och v\u00e5rterminen i mitten av januari. Utbudet av kurser varierar men normalt har vi alltid bugg steg 1 till 3 med 8 kurstillf\u00e4llen. Vill du tr\u00e4na bugg &hellip; <a href=\"https:\/\/altira.nu\/?page_id=8\" class=\"more-link\">Forts\u00e4tt l\u00e4sa<span class=\"screen-reader-text\"> \u201dKursanm\u00e4lan\u201d<\/span><\/a><\/p>\n","protected":false},"author":1,"featured_media":0,"parent":0,"menu_order":0,"comment_status":"closed","ping_status":"closed","template":"","meta":{"footnotes":""},"class_list":["post-8","page","type-page","status-publish","hentry"],"yoast_head":"<!-- This site is optimized with the Yoast SEO plugin v22.8 - https:\/\/yoast.com\/wordpress\/plugins\/seo\/ -->\n<title>Kursanm\u00e4lan - Dansklubben Altira<\/title>\n<meta name=\"robots\" content=\"index, follow, max-snippet:-1, max-image-preview:large, max-video-preview:-1\" \/>\n<link rel=\"canonical\" href=\"https:\/\/altira.nu\/?page_id=8\" \/>\n<meta property=\"og:locale\" content=\"sv_SE\" \/>\n<meta property=\"og:type\" content=\"article\" \/>\n<meta property=\"og:title\" content=\"Kursanm\u00e4lan - Dansklubben Altira\" \/>\n<meta property=\"og:description\" content=\"Innan du anm\u00e4ler dig&nbsp;ber vi dig l\u00e4sa igenom informationen nedan om anm\u00e4lnings- och betalningsrutiner. Altira har normalt tv\u00e5 kursomg\u00e5ngar per termin. H\u00f6stterminens kurser startar i slutet av augusti och v\u00e5rterminen i mitten av januari. Utbudet av kurser varierar men normalt har vi alltid bugg steg 1 till 3 med 8 kurstillf\u00e4llen. Vill du tr\u00e4na bugg &hellip; Forts\u00e4tt l\u00e4sa \u201dKursanm\u00e4lan\u201d\" \/>\n<meta property=\"og:url\" content=\"https:\/\/altira.nu\/?page_id=8\" \/>\n<meta property=\"og:site_name\" content=\"Dansklubben Altira\" \/>\n<meta property=\"article:modified_time\" content=\"2026-03-25T05:04:42+00:00\" \/>\n<meta name=\"twitter:card\" content=\"summary_large_image\" \/>\n<meta name=\"twitter:label1\" content=\"Ber\u00e4knad l\u00e4stid\" \/>\n\t<meta name=\"twitter:data1\" content=\"2 minuter\" \/>\n<script type=\"application\/ld+json\" class=\"yoast-schema-graph\">{\"@context\":\"https:\/\/schema.org\",\"@graph\":[{\"@type\":\"WebPage\",\"@id\":\"https:\/\/altira.nu\/?page_id=8\",\"url\":\"https:\/\/altira.nu\/?page_id=8\",\"name\":\"Kursanm\u00e4lan - Dansklubben Altira\",\"isPartOf\":{\"@id\":\"https:\/\/altira.nu\/#website\"},\"datePublished\":\"2022-12-07T20:58:42+00:00\",\"dateModified\":\"2026-03-25T05:04:42+00:00\",\"breadcrumb\":{\"@id\":\"https:\/\/altira.nu\/?page_id=8#breadcrumb\"},\"inLanguage\":\"sv-SE\",\"potentialAction\":[{\"@type\":\"ReadAction\",\"target\":[\"https:\/\/altira.nu\/?page_id=8\"]}]},{\"@type\":\"BreadcrumbList\",\"@id\":\"https:\/\/altira.nu\/?page_id=8#breadcrumb\",\"itemListElement\":[{\"@type\":\"ListItem\",\"position\":1,\"name\":\"Home\",\"item\":\"https:\/\/altira.nu\/\"},{\"@type\":\"ListItem\",\"position\":2,\"name\":\"Kursanm\u00e4lan\"}]},{\"@type\":\"WebSite\",\"@id\":\"https:\/\/altira.nu\/#website\",\"url\":\"https:\/\/altira.nu\/\",\"name\":\"Dansklubben Altira\",\"description\":\"\",\"potentialAction\":[{\"@type\":\"SearchAction\",\"target\":{\"@type\":\"EntryPoint\",\"urlTemplate\":\"https:\/\/altira.nu\/?s={search_term_string}\"},\"query-input\":\"required name=search_term_string\"}],\"inLanguage\":\"sv-SE\"}]}<\/script>\n<!-- \/ Yoast SEO plugin. -->","yoast_head_json":{"title":"Kursanm\u00e4lan - Dansklubben Altira","robots":{"index":"index","follow":"follow","max-snippet":"max-snippet:-1","max-image-preview":"max-image-preview:large","max-video-preview":"max-video-preview:-1"},"canonical":"https:\/\/altira.nu\/?page_id=8","og_locale":"sv_SE","og_type":"article","og_title":"Kursanm\u00e4lan - Dansklubben Altira","og_description":"Innan du anm\u00e4ler dig&nbsp;ber vi dig l\u00e4sa igenom informationen nedan om anm\u00e4lnings- och betalningsrutiner. Altira har normalt tv\u00e5 kursomg\u00e5ngar per termin. H\u00f6stterminens kurser startar i slutet av augusti och v\u00e5rterminen i mitten av januari. Utbudet av kurser varierar men normalt har vi alltid bugg steg 1 till 3 med 8 kurstillf\u00e4llen. Vill du tr\u00e4na bugg &hellip; Forts\u00e4tt l\u00e4sa \u201dKursanm\u00e4lan\u201d","og_url":"https:\/\/altira.nu\/?page_id=8","og_site_name":"Dansklubben Altira","article_modified_time":"2026-03-25T05:04:42+00:00","twitter_card":"summary_large_image","twitter_misc":{"Ber\u00e4knad l\u00e4stid":"2 minuter"},"schema":{"@context":"https:\/\/schema.org","@graph":[{"@type":"WebPage","@id":"https:\/\/altira.nu\/?page_id=8","url":"https:\/\/altira.nu\/?page_id=8","name":"Kursanm\u00e4lan - Dansklubben Altira","isPartOf":{"@id":"https:\/\/altira.nu\/#website"},"datePublished":"2022-12-07T20:58:42+00:00","dateModified":"2026-03-25T05:04:42+00:00","breadcrumb":{"@id":"https:\/\/altira.nu\/?page_id=8#breadcrumb"},"inLanguage":"sv-SE","potentialAction":[{"@type":"ReadAction","target":["https:\/\/altira.nu\/?page_id=8"]}]},{"@type":"BreadcrumbList","@id":"https:\/\/altira.nu\/?page_id=8#breadcrumb","itemListElement":[{"@type":"ListItem","position":1,"name":"Home","item":"https:\/\/altira.nu\/"},{"@type":"ListItem","position":2,"name":"Kursanm\u00e4lan"}]},{"@type":"WebSite","@id":"https:\/\/altira.nu\/#website","url":"https:\/\/altira.nu\/","name":"Dansklubben Altira","description":"","potentialAction":[{"@type":"SearchAction","target":{"@type":"EntryPoint","urlTemplate":"https:\/\/altira.nu\/?s={search_term_string}"},"query-input":"required name=search_term_string"}],"inLanguage":"sv-SE"}]}},"_links":{"self":[{"href":"https:\/\/altira.nu\/index.php?rest_route=\/wp\/v2\/pages\/8","targetHints":{"allow":["GET"]}}],"collection":[{"href":"https:\/\/altira.nu\/index.php?rest_route=\/wp\/v2\/pages"}],"about":[{"href":"https:\/\/altira.nu\/index.php?rest_route=\/wp\/v2\/types\/page"}],"author":[{"embeddable":true,"href":"https:\/\/altira.nu\/index.php?rest_route=\/wp\/v2\/users\/1"}],"replies":[{"embeddable":true,"href":"https:\/\/altira.nu\/index.php?rest_route=%2Fwp%2Fv2%2Fcomments&post=8"}],"version-history":[{"count":6,"href":"https:\/\/altira.nu\/index.php?rest_route=\/wp\/v2\/pages\/8\/revisions"}],"predecessor-version":[{"id":434,"href":"https:\/\/altira.nu\/index.php?rest_route=\/wp\/v2\/pages\/8\/revisions\/434"}],"wp:attachment":[{"href":"https:\/\/altira.nu\/index.php?rest_route=%2Fwp%2Fv2%2Fmedia&parent=8"}],"curies":[{"name":"wp","href":"https:\/\/api.w.org\/{rel}","templated":true}]}}

Kursanmälan

<p><strong>Innan du anmäler dig&nbsp;ber vi dig läsa igenom informationen nedan om anmälnings- och betalningsrutiner.</strong></p>



<p>Altira har normalt två kursomgångar per termin. Höstterminens kurser startar i slutet av augusti och vårterminen i mitten av januari.</p>



<p>Utbudet av kurser varierar men normalt har vi alltid bugg steg 1 till 3 med 8 kurstillfällen. Vill du träna bugg mer självständigt finns olika parträningsalternativ att välja mellan.</p>



<p>Nybörjarkurser i Lindy Hop har vi vanligen en helg i mitten av höst/vårtermin. För dig som redan gått ett par kurser i Lindy Hop finns alternativet &#8221;Torsdagsträning&#8221; som pågår under hela terminerna. </p>



<p>I Modern Fox har vi under året kurser på olika nivåer, från nybörjare till avancerad.</p>



<p>Obs! Om du har blivit antagen till en kurs så kan du gå en lägre nivå av samma typ för endast 100kr under samma kursomgång.&nbsp; Skriv att du redan är antagen till en högre nivå i kommentarsfältet på din anmälan för den lägre nivån.&nbsp;(Gäller endast en rabatterad kurs av lägre nivå per omgång)<br>Erbjudandet gäller endast när kurserna går parallellt med varandra under samma kursomgång.</p>



<p><strong>Träningsavgift</strong><br>För dig som vill träna på egen hand utan ledare finns det möjlighet att anmäla sig till &#8221;Träningsavgift&#8230;&#8221;. Den gäller för träning på schemalagd tid (aktiviteter med &#8221;Träningstid&#8221; i titeln) samt för träning utanför schemalagd tid. Ta för vana att kontrollera kalendern som finns länkad på denna hemsida innan du kommer på icke schemalagd tid. Annars riskerar du att din tänkta träning krockar med andra aktiviteter. Vi uppskattar att du även gör en anmälan till de träningstider du utnyttjar eftersom den statistiken ligger till grund för planering av kommande termin.</p>



<p><strong>Bli medlem</strong></p>



<p>Vill du bli&nbsp;medlem&nbsp;i Altira kan du bli det genom att klicka på följande länk&nbsp;<a href="https://dans.se/shop/?org=altira;new;mship" target="_blank" rel="noreferrer noopener">Bli medlem i Altira</a>&nbsp;och följa instruktionerna.&nbsp;</p>



<p><strong>Medlemsavgiften </strong>avser ett kalenderårs medlemskap och avgiften är: </p>



<ul class="wp-block-list">
<li>200 kr per person</li>



<li>500 kr för en familj</li>
</ul>



<p><strong>Socialdans: </strong>som medlem går du gratis på våra socialdanser på tisdagar. Tisdagens socialdans kostar 50 kr per tillfälle för icke-medlemmar.&nbsp;</p>



<p><strong>Välkommen till Altira!</strong></p>



<div>
    <a class="cwLoadContent" href="https://dans.se/altira/shop/?lang=sv&amp;layout=none&amp;sorting=catId+desc">Boka aktiviteter och artiklar</a>
    <script src="https://dans.se/files/1087/js/lib.js"></script>
</div>

<p>Innan du anmäler dig&nbsp;ber vi dig läsa igenom informationen nedan om anmälnings- och betalningsrutiner. Altira har normalt två kursomgångar per termin. Höstterminens kurser startar i slutet av augusti och vårterminen i mitten av januari. Utbudet av kurser varierar men normalt har vi alltid bugg steg 1 till 3 med 8 kurstillfällen. Vill du träna bugg &hellip; <a href="https://altira.nu/?page_id=8" class="more-link">Fortsätt läsa<span class="screen-reader-text"> ”Kursanmälan”</span></a></p>

<!-- This site is optimized with the Yoast SEO plugin v22.8 - https://yoast.com/wordpress/plugins/seo/ -->
<title>Kursanmälan - Dansklubben Altira</title>
<meta name="robots" content="index, follow, max-snippet:-1, max-image-preview:large, max-video-preview:-1" />
<link rel="canonical" href="https://altira.nu/?page_id=8" />
<meta property="og:locale" content="sv_SE" />
<meta property="og:type" content="article" />
<meta property="og:title" content="Kursanmälan - Dansklubben Altira" />
<meta property="og:description" content="Innan du anmäler dig&nbsp;ber vi dig läsa igenom informationen nedan om anmälnings- och betalningsrutiner. Altira har normalt två kursomgångar per termin. Höstterminens kurser startar i slutet av augusti och vårterminen i mitten av januari. Utbudet av kurser varierar men normalt har vi alltid bugg steg 1 till 3 med 8 kurstillfällen. Vill du träna bugg &hellip; Fortsätt läsa ”Kursanmälan”" />
<meta property="og:url" content="https://altira.nu/?page_id=8" />
<meta property="og:site_name" content="Dansklubben Altira" />
<meta property="article:modified_time" content="2026-03-25T05:04:42+00:00" />
<meta name="twitter:card" content="summary_large_image" />
<meta name="twitter:label1" content="Beräknad lästid" />
	<meta name="twitter:data1" content="2 minuter" />
<script type="application/ld+json" class="yoast-schema-graph">{"@context":"https://schema.org","@graph":[{"@type":"WebPage","@id":"https://altira.nu/?page_id=8","url":"https://altira.nu/?page_id=8","name":"Kursanmälan - Dansklubben Altira","isPartOf":{"@id":"https://altira.nu/#website"},"datePublished":"2022-12-07T20:58:42+00:00","dateModified":"2026-03-25T05:04:42+00:00","breadcrumb":{"@id":"https://altira.nu/?page_id=8#breadcrumb"},"inLanguage":"sv-SE","potentialAction":[{"@type":"ReadAction","target":["https://altira.nu/?page_id=8"]}]},{"@type":"BreadcrumbList","@id":"https://altira.nu/?page_id=8#breadcrumb","itemListElement":[{"@type":"ListItem","position":1,"name":"Home","item":"https://altira.nu/"},{"@type":"ListItem","position":2,"name":"Kursanmälan"}]},{"@type":"WebSite","@id":"https://altira.nu/#website","url":"https://altira.nu/","name":"Dansklubben Altira","description":"","potentialAction":[{"@type":"SearchAction","target":{"@type":"EntryPoint","urlTemplate":"https://altira.nu/?s={search_term_string}"},"query-input":"required name=search_term_string"}],"inLanguage":"sv-SE"}]}</script>
<!-- / Yoast SEO plugin. -->

Kursanmälan - Dansklubben Altira

Innan du anmäler dig&nbsp;ber vi dig läsa igenom informationen nedan om anmälnings- och betalningsrutiner. Altira har normalt två kursomgångar per termin. Höstterminens kurser startar i slutet av augusti och vårterminen i mitten av januari. Utbudet av kurser varierar men normalt har vi alltid bugg steg 1 till 3 med 8 kurstillfällen. Vill du träna bugg &hellip; Fortsätt läsa ”Kursanmälan”
