{"id":2,"date":"2022-12-05T21:13:32","date_gmt":"2022-12-05T20:13:32","guid":{"rendered":"https:\/\/www.wp.altira.nu\/?page_id=2"},"modified":"2026-01-05T10:24:44","modified_gmt":"2026-01-05T09:24:44","slug":"exempelsida","status":"publish","type":"page","link":"https:\/\/altira.nu\/","title":{"rendered":"V\u00e4lkommen att dansa med oss p\u00e5 Dansklubben Altira"},"content":{"rendered":"\n<p class=\"has-text-align-center\"><a href=\"https:\/\/altira.nu\/?page_id=8\"><strong>H\u00e4r hittar du v\u00e5ra kurser!<\/strong><\/a><\/p>\n\n\n\n<p>Hos Dansklubben Altira f\u00e5r alla plats, fr\u00e5n nyb\u00f6rjare till t\u00e4vlande. Vi har kurser i en m\u00e4ngd olika dicipliner och p\u00e5 olika niv\u00e5er. Du hittar alla v\u00e5ra aktiviteter under rubriken &#8221;<a href=\"https:\/\/altira.nu\/?page_id=8\">Kursanm\u00e4lan<\/a>&#8221;.<\/p>\n\n\n\n<p>Vill du bli&nbsp;medlem&nbsp;i Altira kan du bli det genom att klicka p\u00e5 f\u00f6ljande l\u00e4nk&nbsp;<a href=\"https:\/\/dans.se\/shop\/?org=altira;new;mship\" target=\"_blank\" rel=\"noreferrer noopener\">Bli medlem i Altira<\/a>&nbsp;och f\u00f6lja instruktionerna.&nbsp;<\/p>\n\n\n\n<p>P\u00e5 tisdagar 19:30 \u00e4r du v\u00e4lkommen p\u00e5 socialdans i v\u00e5ra fina lokaler p\u00e5 Bergsgatan 126. Evenemang f\u00f6r tisdagsdansen publiceras p\u00e5 Facebook.<\/p>\n\n\n\n<div class=\"wp-block-columns are-vertically-aligned-top is-layout-flex wp-container-core-columns-is-layout-9d6595d7 wp-block-columns-is-layout-flex\">\n<div class=\"wp-block-column is-vertically-aligned-top is-layout-flow wp-block-column-is-layout-flow\"><ul style=\"line-height:2.5;\" class=\"wp-block-latest-posts__list wp-block-latest-posts has-small-font-size\"><li><a class=\"wp-block-latest-posts__post-title\" href=\"https:\/\/altira.nu\/?p=436\">Altira 40 \u00e5r!\u00a0<\/a><\/li>\n<li><a class=\"wp-block-latest-posts__post-title\" href=\"https:\/\/altira.nu\/?p=399\">Sommardansskola &#8211; f\u00f6r dig mellan 12-19 \u00e5r!<\/a><\/li>\n<li><a class=\"wp-block-latest-posts__post-title\" href=\"https:\/\/altira.nu\/?p=340\">H\u00f6stens Kurser &#8211; Kursomg\u00e5ng 3, 2025, startar v. 35<\/a><\/li>\n<li><a class=\"wp-block-latest-posts__post-title\" href=\"https:\/\/altira.nu\/?p=327\">Kursomg\u00e5ng 2, 2025, startar v. 13<\/a><\/li>\n<li><a class=\"wp-block-latest-posts__post-title\" href=\"https:\/\/altira.nu\/?p=169\">Kursomg\u00e5ng 1, 2025, startar vecka 2<\/a><\/li>\n<\/ul><\/div>\n\n\n\n<div class=\"wp-block-column is-vertically-aligned-top is-layout-flow wp-block-column-is-layout-flow\">\n<div>\n                <p><iframe loading=\"lazy\" frameborder=\"0\" height=\"270\" scrolling=\"no\" src=\"https:\/\/www.google.com\/calendar\/embed?showTitle=0&amp;showNav=0&amp;showDate=0&amp;showPrint=0&amp;showTabs=0&amp;showCalendars=0&amp;showTz=0&amp;mode=AGENDA&amp;height=280&amp;wkst=2&amp;bgcolor=%23FFFFFF&amp;src=dansklubbenaltira%40gmail.com&amp;color=%238D6F47&amp;ctz=Europe%2FStockholm\" style=\"border-width: 0;\" width=\"370\"><\/iframe><\/p>\n            <\/div>\n<\/div>\n<\/div>\n\n\n\n<div class=\"wp-block-columns is-layout-flex wp-container-core-columns-is-layout-9d6595d7 wp-block-columns-is-layout-flex\"><\/div>\n\n\n\n<div>\n<table style=\"border:none;width:180px\"\">\n<tr>\n<td style=\"border:none;width:80px\"><a href=\"https:\/\/www.facebook.com\/dansklubbenaltira\" target=\"_blank\" rel=\"noopener\"><img decoding=\"async\" src=\"https:\/\/altira.nu\/wp-content\/uploads\/2023\/01\/facebook001.png\" alt=\"Facebook Dansklubben Altira\" style=\"width:75px;height:75px;\"><\/a><\/td>\n<td style=\"border:none;width:80px\"\"><a href=\"https:\/\/www.instagram.com\/dansklubbenaltira\/\" target=\"_blank\" rel=\"noopener\"><img decoding=\"async\" src=\"https:\/\/altira.nu\/wp-content\/uploads\/2023\/01\/instagram001.png\" alt=\"Facebook Dansklubben Altira\" style=\"width:70px;height:70px;\"><\/a><\/td>\n<\/tr>\n<\/table>\n<\/div>\n","protected":false},"excerpt":{"rendered":"<p>H\u00e4r hittar du v\u00e5ra kurser! Hos Dansklubben Altira f\u00e5r alla plats, fr\u00e5n nyb\u00f6rjare till t\u00e4vlande. Vi har kurser i en m\u00e4ngd olika dicipliner och p\u00e5 olika niv\u00e5er. Du hittar alla v\u00e5ra aktiviteter under rubriken &#8221;Kursanm\u00e4lan&#8221;. Vill du bli&nbsp;medlem&nbsp;i Altira kan du bli det genom att klicka p\u00e5 f\u00f6ljande l\u00e4nk&nbsp;Bli medlem i Altira&nbsp;och f\u00f6lja instruktionerna.&nbsp; P\u00e5 &hellip; <a href=\"https:\/\/altira.nu\/\" class=\"more-link\">Forts\u00e4tt l\u00e4sa<span class=\"screen-reader-text\"> \u201dV\u00e4lkommen att dansa med oss p\u00e5 Dansklubben Altira\u201d<\/span><\/a><\/p>\n","protected":false},"author":1,"featured_media":0,"parent":0,"menu_order":0,"comment_status":"closed","ping_status":"open","template":"","meta":{"footnotes":""},"class_list":["post-2","page","type-page","status-publish","hentry"],"yoast_head":"<!-- This site is optimized with the Yoast SEO plugin v22.8 - https:\/\/yoast.com\/wordpress\/plugins\/seo\/ -->\n<title>V\u00e4lkommen att dansa med oss p\u00e5 Dansklubben Altira - Dansklubben Altira<\/title>\n<meta name=\"robots\" content=\"index, follow, max-snippet:-1, max-image-preview:large, max-video-preview:-1\" \/>\n<link rel=\"canonical\" href=\"https:\/\/altira.nu\/\" \/>\n<meta property=\"og:locale\" content=\"sv_SE\" \/>\n<meta property=\"og:type\" content=\"article\" \/>\n<meta property=\"og:title\" content=\"V\u00e4lkommen att dansa med oss p\u00e5 Dansklubben Altira - Dansklubben Altira\" \/>\n<meta property=\"og:description\" content=\"H\u00e4r hittar du v\u00e5ra kurser! Hos Dansklubben Altira f\u00e5r alla plats, fr\u00e5n nyb\u00f6rjare till t\u00e4vlande. Vi har kurser i en m\u00e4ngd olika dicipliner och p\u00e5 olika niv\u00e5er. Du hittar alla v\u00e5ra aktiviteter under rubriken &#8221;Kursanm\u00e4lan&#8221;. Vill du bli&nbsp;medlem&nbsp;i Altira kan du bli det genom att klicka p\u00e5 f\u00f6ljande l\u00e4nk&nbsp;Bli medlem i Altira&nbsp;och f\u00f6lja instruktionerna.&nbsp; P\u00e5 &hellip; Forts\u00e4tt l\u00e4sa \u201dV\u00e4lkommen att dansa med oss p\u00e5 Dansklubben Altira\u201d\" \/>\n<meta property=\"og:url\" content=\"https:\/\/altira.nu\/\" \/>\n<meta property=\"og:site_name\" content=\"Dansklubben Altira\" \/>\n<meta property=\"article:modified_time\" content=\"2026-01-05T09:24:44+00:00\" \/>\n<meta property=\"og:image\" content=\"https:\/\/altira.nu\/wp-content\/uploads\/2023\/01\/facebook001.png\" \/>\n<meta name=\"twitter:card\" content=\"summary_large_image\" \/>\n<meta name=\"twitter:label1\" content=\"Ber\u00e4knad l\u00e4stid\" \/>\n\t<meta name=\"twitter:data1\" content=\"1 minut\" \/>\n<script type=\"application\/ld+json\" class=\"yoast-schema-graph\">{\"@context\":\"https:\/\/schema.org\",\"@graph\":[{\"@type\":\"WebPage\",\"@id\":\"https:\/\/altira.nu\/\",\"url\":\"https:\/\/altira.nu\/\",\"name\":\"V\u00e4lkommen att dansa med oss p\u00e5 Dansklubben Altira - Dansklubben Altira\",\"isPartOf\":{\"@id\":\"https:\/\/altira.nu\/#website\"},\"primaryImageOfPage\":{\"@id\":\"https:\/\/altira.nu\/#primaryimage\"},\"image\":{\"@id\":\"https:\/\/altira.nu\/#primaryimage\"},\"thumbnailUrl\":\"https:\/\/altira.nu\/wp-content\/uploads\/2023\/01\/facebook001.png\",\"datePublished\":\"2022-12-05T20:13:32+00:00\",\"dateModified\":\"2026-01-05T09:24:44+00:00\",\"breadcrumb\":{\"@id\":\"https:\/\/altira.nu\/#breadcrumb\"},\"inLanguage\":\"sv-SE\",\"potentialAction\":[{\"@type\":\"ReadAction\",\"target\":[\"https:\/\/altira.nu\/\"]}]},{\"@type\":\"ImageObject\",\"inLanguage\":\"sv-SE\",\"@id\":\"https:\/\/altira.nu\/#primaryimage\",\"url\":\"https:\/\/altira.nu\/wp-content\/uploads\/2023\/01\/facebook001.png\",\"contentUrl\":\"https:\/\/altira.nu\/wp-content\/uploads\/2023\/01\/facebook001.png\",\"width\":512,\"height\":512,\"caption\":\"Facebook Altira\"},{\"@type\":\"BreadcrumbList\",\"@id\":\"https:\/\/altira.nu\/#breadcrumb\",\"itemListElement\":[{\"@type\":\"ListItem\",\"position\":1,\"name\":\"Home\",\"item\":\"https:\/\/altira.nu\/\"},{\"@type\":\"ListItem\",\"position\":2,\"name\":\"V\u00e4lkommen att dansa med oss p\u00e5 Dansklubben Altira\"}]},{\"@type\":\"WebSite\",\"@id\":\"https:\/\/altira.nu\/#website\",\"url\":\"https:\/\/altira.nu\/\",\"name\":\"Dansklubben Altira\",\"description\":\"\",\"potentialAction\":[{\"@type\":\"SearchAction\",\"target\":{\"@type\":\"EntryPoint\",\"urlTemplate\":\"https:\/\/altira.nu\/?s={search_term_string}\"},\"query-input\":\"required name=search_term_string\"}],\"inLanguage\":\"sv-SE\"}]}<\/script>\n<!-- \/ Yoast SEO plugin. -->","yoast_head_json":{"title":"V\u00e4lkommen att dansa med oss p\u00e5 Dansklubben Altira - Dansklubben Altira","robots":{"index":"index","follow":"follow","max-snippet":"max-snippet:-1","max-image-preview":"max-image-preview:large","max-video-preview":"max-video-preview:-1"},"canonical":"https:\/\/altira.nu\/","og_locale":"sv_SE","og_type":"article","og_title":"V\u00e4lkommen att dansa med oss p\u00e5 Dansklubben Altira - Dansklubben Altira","og_description":"H\u00e4r hittar du v\u00e5ra kurser! Hos Dansklubben Altira f\u00e5r alla plats, fr\u00e5n nyb\u00f6rjare till t\u00e4vlande. Vi har kurser i en m\u00e4ngd olika dicipliner och p\u00e5 olika niv\u00e5er. Du hittar alla v\u00e5ra aktiviteter under rubriken &#8221;Kursanm\u00e4lan&#8221;. Vill du bli&nbsp;medlem&nbsp;i Altira kan du bli det genom att klicka p\u00e5 f\u00f6ljande l\u00e4nk&nbsp;Bli medlem i Altira&nbsp;och f\u00f6lja instruktionerna.&nbsp; P\u00e5 &hellip; Forts\u00e4tt l\u00e4sa \u201dV\u00e4lkommen att dansa med oss p\u00e5 Dansklubben Altira\u201d","og_url":"https:\/\/altira.nu\/","og_site_name":"Dansklubben Altira","article_modified_time":"2026-01-05T09:24:44+00:00","og_image":[{"url":"https:\/\/altira.nu\/wp-content\/uploads\/2023\/01\/facebook001.png"}],"twitter_card":"summary_large_image","twitter_misc":{"Ber\u00e4knad l\u00e4stid":"1 minut"},"schema":{"@context":"https:\/\/schema.org","@graph":[{"@type":"WebPage","@id":"https:\/\/altira.nu\/","url":"https:\/\/altira.nu\/","name":"V\u00e4lkommen att dansa med oss p\u00e5 Dansklubben Altira - Dansklubben Altira","isPartOf":{"@id":"https:\/\/altira.nu\/#website"},"primaryImageOfPage":{"@id":"https:\/\/altira.nu\/#primaryimage"},"image":{"@id":"https:\/\/altira.nu\/#primaryimage"},"thumbnailUrl":"https:\/\/altira.nu\/wp-content\/uploads\/2023\/01\/facebook001.png","datePublished":"2022-12-05T20:13:32+00:00","dateModified":"2026-01-05T09:24:44+00:00","breadcrumb":{"@id":"https:\/\/altira.nu\/#breadcrumb"},"inLanguage":"sv-SE","potentialAction":[{"@type":"ReadAction","target":["https:\/\/altira.nu\/"]}]},{"@type":"ImageObject","inLanguage":"sv-SE","@id":"https:\/\/altira.nu\/#primaryimage","url":"https:\/\/altira.nu\/wp-content\/uploads\/2023\/01\/facebook001.png","contentUrl":"https:\/\/altira.nu\/wp-content\/uploads\/2023\/01\/facebook001.png","width":512,"height":512,"caption":"Facebook Altira"},{"@type":"BreadcrumbList","@id":"https:\/\/altira.nu\/#breadcrumb","itemListElement":[{"@type":"ListItem","position":1,"name":"Home","item":"https:\/\/altira.nu\/"},{"@type":"ListItem","position":2,"name":"V\u00e4lkommen att dansa med oss p\u00e5 Dansklubben Altira"}]},{"@type":"WebSite","@id":"https:\/\/altira.nu\/#website","url":"https:\/\/altira.nu\/","name":"Dansklubben Altira","description":"","potentialAction":[{"@type":"SearchAction","target":{"@type":"EntryPoint","urlTemplate":"https:\/\/altira.nu\/?s={search_term_string}"},"query-input":"required name=search_term_string"}],"inLanguage":"sv-SE"}]}},"_links":{"self":[{"href":"https:\/\/altira.nu\/index.php?rest_route=\/wp\/v2\/pages\/2","targetHints":{"allow":["GET"]}}],"collection":[{"href":"https:\/\/altira.nu\/index.php?rest_route=\/wp\/v2\/pages"}],"about":[{"href":"https:\/\/altira.nu\/index.php?rest_route=\/wp\/v2\/types\/page"}],"author":[{"embeddable":true,"href":"https:\/\/altira.nu\/index.php?rest_route=\/wp\/v2\/users\/1"}],"replies":[{"embeddable":true,"href":"https:\/\/altira.nu\/index.php?rest_route=%2Fwp%2Fv2%2Fcomments&post=2"}],"version-history":[{"count":5,"href":"https:\/\/altira.nu\/index.php?rest_route=\/wp\/v2\/pages\/2\/revisions"}],"predecessor-version":[{"id":379,"href":"https:\/\/altira.nu\/index.php?rest_route=\/wp\/v2\/pages\/2\/revisions\/379"}],"wp:attachment":[{"href":"https:\/\/altira.nu\/index.php?rest_route=%2Fwp%2Fv2%2Fmedia&parent=2"}],"curies":[{"name":"wp","href":"https:\/\/api.w.org\/{rel}","templated":true}]}}

Välkommen att dansa med oss på Dansklubben Altira

<p class="has-text-align-center"><a href="https://altira.nu/?page_id=8"><strong>Här hittar du våra kurser!</strong></a></p>



<p>Hos Dansklubben Altira får alla plats, från nybörjare till tävlande. Vi har kurser i en mängd olika dicipliner och på olika nivåer. Du hittar alla våra aktiviteter under rubriken &#8221;<a href="https://altira.nu/?page_id=8">Kursanmälan</a>&#8221;.</p>



<p>Vill du bli&nbsp;medlem&nbsp;i Altira kan du bli det genom att klicka på följande länk&nbsp;<a href="https://dans.se/shop/?org=altira;new;mship" target="_blank" rel="noreferrer noopener">Bli medlem i Altira</a>&nbsp;och följa instruktionerna.&nbsp;</p>



<p>På tisdagar 19:30 är du välkommen på socialdans i våra fina lokaler på Bergsgatan 126. Evenemang för tisdagsdansen publiceras på Facebook.</p>



<div class="wp-block-columns are-vertically-aligned-top is-layout-flex wp-container-core-columns-is-layout-9d6595d7 wp-block-columns-is-layout-flex">
<div class="wp-block-column is-vertically-aligned-top is-layout-flow wp-block-column-is-layout-flow"><ul style="line-height:2.5;" class="wp-block-latest-posts__list wp-block-latest-posts has-small-font-size"><li><a class="wp-block-latest-posts__post-title" href="https://altira.nu/?p=436">Altira 40 år! </a></li>
<li><a class="wp-block-latest-posts__post-title" href="https://altira.nu/?p=399">Sommardansskola &#8211; för dig mellan 12-19 år!</a></li>
<li><a class="wp-block-latest-posts__post-title" href="https://altira.nu/?p=340">Höstens Kurser &#8211; Kursomgång 3, 2025, startar v. 35</a></li>
<li><a class="wp-block-latest-posts__post-title" href="https://altira.nu/?p=327">Kursomgång 2, 2025, startar v. 13</a></li>
<li><a class="wp-block-latest-posts__post-title" href="https://altira.nu/?p=169">Kursomgång 1, 2025, startar vecka 2</a></li>
</ul></div>



<div class="wp-block-column is-vertically-aligned-top is-layout-flow wp-block-column-is-layout-flow">
<div>
                <p><iframe loading="lazy" frameborder="0" height="270" scrolling="no" src="https://www.google.com/calendar/embed?showTitle=0&amp;showNav=0&amp;showDate=0&amp;showPrint=0&amp;showTabs=0&amp;showCalendars=0&amp;showTz=0&amp;mode=AGENDA&amp;height=280&amp;wkst=2&amp;bgcolor=%23FFFFFF&amp;src=dansklubbenaltira%40gmail.com&amp;color=%238D6F47&amp;ctz=Europe%2FStockholm" style="border-width: 0;" width="370"></iframe></p>
            </div>
</div>
</div>



<div class="wp-block-columns is-layout-flex wp-container-core-columns-is-layout-9d6595d7 wp-block-columns-is-layout-flex"></div>



<div>
<table style="border:none;width:180px"">
<tr>
<td style="border:none;width:80px"><a href="https://www.facebook.com/dansklubbenaltira" target="_blank" rel="noopener"><img decoding="async" src="https://altira.nu/wp-content/uploads/2023/01/facebook001.png" alt="Facebook Dansklubben Altira" style="width:75px;height:75px;"></a></td>
<td style="border:none;width:80px""><a href="https://www.instagram.com/dansklubbenaltira/" target="_blank" rel="noopener"><img decoding="async" src="https://altira.nu/wp-content/uploads/2023/01/instagram001.png" alt="Facebook Dansklubben Altira" style="width:70px;height:70px;"></a></td>
</tr>
</table>
</div>

<p>Här hittar du våra kurser! Hos Dansklubben Altira får alla plats, från nybörjare till tävlande. Vi har kurser i en mängd olika dicipliner och på olika nivåer. Du hittar alla våra aktiviteter under rubriken &#8221;Kursanmälan&#8221;. Vill du bli&nbsp;medlem&nbsp;i Altira kan du bli det genom att klicka på följande länk&nbsp;Bli medlem i Altira&nbsp;och följa instruktionerna.&nbsp; På &hellip; <a href="https://altira.nu/" class="more-link">Fortsätt läsa<span class="screen-reader-text"> ”Välkommen att dansa med oss på Dansklubben Altira”</span></a></p>

<!-- This site is optimized with the Yoast SEO plugin v22.8 - https://yoast.com/wordpress/plugins/seo/ -->
<title>Välkommen att dansa med oss på Dansklubben Altira - Dansklubben Altira</title>
<meta name="robots" content="index, follow, max-snippet:-1, max-image-preview:large, max-video-preview:-1" />
<link rel="canonical" href="https://altira.nu/" />
<meta property="og:locale" content="sv_SE" />
<meta property="og:type" content="article" />
<meta property="og:title" content="Välkommen att dansa med oss på Dansklubben Altira - Dansklubben Altira" />
<meta property="og:description" content="Här hittar du våra kurser! Hos Dansklubben Altira får alla plats, från nybörjare till tävlande. Vi har kurser i en mängd olika dicipliner och på olika nivåer. Du hittar alla våra aktiviteter under rubriken &#8221;Kursanmälan&#8221;. Vill du bli&nbsp;medlem&nbsp;i Altira kan du bli det genom att klicka på följande länk&nbsp;Bli medlem i Altira&nbsp;och följa instruktionerna.&nbsp; På &hellip; Fortsätt läsa ”Välkommen att dansa med oss på Dansklubben Altira”" />
<meta property="og:url" content="https://altira.nu/" />
<meta property="og:site_name" content="Dansklubben Altira" />
<meta property="article:modified_time" content="2026-01-05T09:24:44+00:00" />
<meta property="og:image" content="https://altira.nu/wp-content/uploads/2023/01/facebook001.png" />
<meta name="twitter:card" content="summary_large_image" />
<meta name="twitter:label1" content="Beräknad lästid" />
	<meta name="twitter:data1" content="1 minut" />
<script type="application/ld+json" class="yoast-schema-graph">{"@context":"https://schema.org","@graph":[{"@type":"WebPage","@id":"https://altira.nu/","url":"https://altira.nu/","name":"Välkommen att dansa med oss på Dansklubben Altira - Dansklubben Altira","isPartOf":{"@id":"https://altira.nu/#website"},"primaryImageOfPage":{"@id":"https://altira.nu/#primaryimage"},"image":{"@id":"https://altira.nu/#primaryimage"},"thumbnailUrl":"https://altira.nu/wp-content/uploads/2023/01/facebook001.png","datePublished":"2022-12-05T20:13:32+00:00","dateModified":"2026-01-05T09:24:44+00:00","breadcrumb":{"@id":"https://altira.nu/#breadcrumb"},"inLanguage":"sv-SE","potentialAction":[{"@type":"ReadAction","target":["https://altira.nu/"]}]},{"@type":"ImageObject","inLanguage":"sv-SE","@id":"https://altira.nu/#primaryimage","url":"https://altira.nu/wp-content/uploads/2023/01/facebook001.png","contentUrl":"https://altira.nu/wp-content/uploads/2023/01/facebook001.png","width":512,"height":512,"caption":"Facebook Altira"},{"@type":"BreadcrumbList","@id":"https://altira.nu/#breadcrumb","itemListElement":[{"@type":"ListItem","position":1,"name":"Home","item":"https://altira.nu/"},{"@type":"ListItem","position":2,"name":"Välkommen att dansa med oss på Dansklubben Altira"}]},{"@type":"WebSite","@id":"https://altira.nu/#website","url":"https://altira.nu/","name":"Dansklubben Altira","description":"","potentialAction":[{"@type":"SearchAction","target":{"@type":"EntryPoint","urlTemplate":"https://altira.nu/?s={search_term_string}"},"query-input":"required name=search_term_string"}],"inLanguage":"sv-SE"}]}</script>
<!-- / Yoast SEO plugin. -->

Välkommen att dansa med oss på Dansklubben Altira - Dansklubben Altira

Här hittar du våra kurser! Hos Dansklubben Altira får alla plats, från nybörjare till tävlande. Vi har kurser i en mängd olika dicipliner och på olika nivåer. Du hittar alla våra aktiviteter under rubriken &#8221;Kursanmälan&#8221;. Vill du bli&nbsp;medlem&nbsp;i Altira kan du bli det genom att klicka på följande länk&nbsp;Bli medlem i Altira&nbsp;och följa instruktionerna.&nbsp; På &hellip; Fortsätt läsa ”Välkommen att dansa med oss på Dansklubben Altira”
